. Is j - (-2 + (6 - 2)) a composite number?
False
Let l(m) = 10*m**2 + m - 28. Is l(-11) a composite number?
False
Suppose s + 6 = -7. Let u = -11 + s. Is (510/u)/((-1)/4) a composite number?
True
Suppose 0 = -2*n - 4*q + 550, n + 4*q + 14 = 283. Suppose -3*d - 2*u = -n, -u = -4*d + 282 + 78. Is d a composite number?
True
Suppose -4*x + 195 = m - 0*x, 3*m - x - 559 = 0. Is m/4 + (-1)/(-4) composite?
False
Suppose -d = -0*d + 5*r - 300, 5*d + 4*r = 1521. Is d a prime number?
False
Is 4/(-2) + (146 - 2) a prime number?
False
Suppose 2*o + 3307 = 3*u, 3*o - 1 = 2*o. Is u a composite number?
False
Let u(z) = 11*z + 4. Let k(m) = -5*m - 2. Let o(f) = -13*k(f) - 6*u(f). Let h be o(4). Is (h - (-4)/2) + 79 a composite number?
False
Suppose 3*m + 4*p = 1491, -4*p = 9*m - 4*m - 2485. Is m prime?
False
Let p(o) = -234*o - 2. Is p(-2) composite?
True
Suppose 3*y + 1 = -20. Let z(q) = q**2 - 4*q + 8. Is z(y) a prime number?
False
Let o(s) = 12*s**2 + 13*s + 9. Is o(-8) composite?
False
Let i = 2 - 3. Let h be (i - 0)*(-112)/2. Suppose -3*a + h = a. Is a a composite number?
True
Let l = 2 - -2. Suppose 4*b - 10 = m, 3*b = l*m + 3 - 2. Let x(i) = 22*i + 3. Is x(b) a composite number?
True
Let o(a) = 3*a - 3. Let s be o(2). Suppose 6 = -s*n + 18. Suppose 0 = n*z - 3*z - 4*k + 5, 5*k = 25. Is z prime?
False
Let o(v) = 2*v - 4. Let p = 6 + -8. Let d = 11 + p. Is o(d) a prime number?
False
Let d = 161 - 91. Suppose 4*a - 5*m - 20 = 0, 25 = -a + 6*a + m. Is 2*(d/4)/a prime?
True
Suppose 3*x - 2*j - 89 = 0, 2*x - j = -4*j + 42. Let o be (-6)/x - (-296)/36. Let q(m) = 2*m**2 - 4*m + 1. Is q(o) a prime number?
True
Let v = 26 + 231. Is v a composite number?
False
Suppose g + 5 = 0, 5*j + 2*g = g + 5. Let i be j/3*96/1. Let m = i + -45. Is m composite?
False
Suppose -20 = t + 4*t. Is (-6 + 28)*(-34)/t composite?
True
Let j = 4 - 0. Is ((-2)/4)/(j/(-632)) composite?
False
Suppose 7*d - 3313 = 110. Is d a composite number?
True
Let k = 516 - 117. Is (4/6)/(7/k) a composite number?
True
Let n be -1 + -3 + 7 + 165. Let u = -83 + n. Is u a composite number?
True
Suppose -5*c + c = -16. Suppose 0*s - 3*s + 13 = -o, 3*o - c*s + 14 = 0. Is 33 - (-1 + 1 - o) prime?
False
Let a(s) = -s**3 + 11*s**2 + 6*s + 1. Let w(y) = -3*y**3 + 23*y**2 + 12*y + 1. Let z(q) = 5*a(q) - 2*w(q). Is z(-7) composite?
False
Let y = -79 + 438. Is y composite?
False
Let i be 1 + 1 + 2/2. Suppose -2*j - i*k = -35 - 27, -4*j - 2*k + 116 = 0. Suppose s + s = j. Is s composite?
True
Suppose 3*c + 5*w - 901 = 0, 0 = 2*c - 3*c - 4*w + 291. Is c a prime number?
True
Suppose 0 = -4*k + 3*d + 1074 + 1736, 5*k + 3*d = 3499. Is k composite?
False
Suppose 3*f = 4*l + l - 19, f - 3*l = -1. Let p = 2 - f. Is p composite?
True
Let l(h) = 40*h - 5. Let d(y) = -41*y + 6. Let c(z) = -6*d(z) - 7*l(z). Is c(-1) a prime number?
False
Suppose -9 = 4*q + 1211. Let h be 2/12 + q/(-6). Let n = h - 8. Is n composite?
False
Suppose -572 = 3*i - 26. Is (-6)/(-3)*i/(-4) a composite number?
True
Let d(l) = -l**2 - 6*l. Let h be d(-6). Let m be 2/(-4)*h/(-3). Suppose m*t = t - 83. Is t a prime number?
True
Suppose 0 = -4*u - 2*u + 210. Is u a prime number?
False
Suppose 4*k + 2*m = 15 - 3, -10 = -5*m. Suppose k*f + 2 = 4. Is 101/3 - f/(-3) a prime number?
False
Suppose 14*m - 20868 = 2*m. Is m a composite number?
True
Let i = 2942 - 1597. Is i composite?
True
Let m(o) = o**3 - 11*o**2 + 5. Let z be m(11). Suppose -a + 16 = -5*c, 5 = a + c - z. Suppose a = -v + 2*v. Is v a composite number?
False
Let g(q) = -q**2 - q. Let i(a) = -14*a**2 - 4*a - 3. Let v(l) = -13*l**2 - 3*l - 2. Let b(u) = -3*i(u) + 4*v(u). Let n(p) = -b(p) + 3*g(p). Is n(3) prime?
True
Let h be (-83)/(17/6 + -3). Suppose -c - c + h = 0. Is c a prime number?
False
Suppose -400 = -2*q - 3*h - 0*h, -5*q + 1009 = 3*h. Is q composite?
True
Let j be 2/6*(-1 + 19). Let z(v) = -v**3 + 2 + 5*v**2 + 7*v - j + 2. Is z(5) a prime number?
False
Suppose 0 = -14*a + 22019 - 8341. Is a composite?
False
Suppose -3*q = -4*k + 364, 3*k - k - 3*q - 176 = 0. Suppose k = -2*z + 612. Is z composite?
True
Suppose 4*d + 795 = 4151. Is d a composite number?
False
Suppose -5*r - 2*y + 2047 = -3*y, y + 1229 = 3*r. Is r composite?
False
Is -2*1277/(-3) + 6/(-18) composite?
True
Let k = -38 - -56. Let g = 3 + k. Is g a prime number?
False
Let m(c) = 73*c**2 + 1. Is m(-2) composite?
False
Let t(b) = b**3 + 4*b**2 - b - 12. Let m be t(-6). Is (-4)/26 - 1728/m a prime number?
False
Suppose -2 - 209 = -l. Is l composite?
False
Suppose -292 = -s - s. Let j = s - 15. Is j a prime number?
True
Let g = 101 - -138. Is g composite?
False
Let j = 4 + -6. Let o(i) = -112*i - 1. Is o(j) prime?
True
Suppose 0 = -3*n - 2*b - 188, -3*b + 0*b + 108 = -2*n. Let x = -29 - n. Is x a composite number?
False
Suppose 3 = o - 3*m - 34, -3*o + 87 = -3*m. Is o a composite number?
True
Let o(k) = -k - 1. Let r be o(-4). Let j(h) = 12*h - 2. Is j(r) composite?
True
Let b(g) = -8*g**2 - 2*g + 2. Let y be b(3). Let x = y - -153. Suppose 4*s = -w - 2*w + 308, 5*w = s - x. Is s a composite number?
True
Suppose 6*v - 651 = 3*v. Is v prime?
False
Suppose -2*z + 3*b = b - 140, -4*b = z - 55. Is z a composite number?
False
Suppose -5*l + 2*l = 5*r - 1873, 2520 = 4*l + r. Is l composite?
False
Suppose 2*a - h = -45, -3*a = 3*h - h + 57. Is -26*a/(-12)*-2 a prime number?
False
Let x be 2/(4/(-10)) + 0. Let f = 28 - x. Is f a prime number?
False
Suppose 4*v - 3112 = 4*i, 4*v + i - 3110 = 3*i. Suppose 3291 = 6*j + v. Is j a prime number?
True
Is (-894)/(-15) - 9/15 prime?
True
Suppose 3*r = r. Suppose 5*a + r*g - 575 = -5*g, -3*a - 2*g + 343 = 0. Is a composite?
False
Let n(w) = w + 8. Let y be n(-6). Suppose 0 = y*t - 165 - 13. Is t prime?
True
Let x = 18 - 14. Let d(v) = 16*v - 5. Is d(x) a prime number?
True
Let h = -134 + 213. Is h a composite number?
False
Suppose -490 = 5*y - 10*y. Suppose -2*i + 5*c + 121 = 0, y + 20 = 2*i - 4*c. Is i composite?
False
Let b = 289 + -66. Is b prime?
True
Let l(u) = -4 + u - u + 2*u. Let v be l(3). Suppose 3*t - 64 = -v*n + 25, -4*n + 143 = -t. Is n prime?
True
Suppose -q = 3*k - 14, -q + 10 = -4*q + 4*k. Suppose -d + 4*r + 66 + 13 = 0, 395 = 5*d - q*r. Is d composite?
False
Let a(i) = -7*i + 0 - 1 - 12*i. Let j(k) = 77*k + 4. Let p(q) = 9*a(q) + 2*j(q). Is p(-2) prime?
False
Let l(n) = 54*n**3 - 2*n**2 + 1. Suppose 10 = -2*z + 3*o, -3*z - 2*z + 3*o = 7. Is l(z) composite?
False
Is (-2)/7 + 45992/56 a composite number?
False
Suppose -3*i = -4*d + 18 + 184, 0 = -2*d - 2*i + 108. Let q = -2 - -3. Let c = d - q. Is c composite?
True
Let c(p) = p**3 + p**2 + 169. Is c(0) prime?
False
Let j = 176 - 63. Is j a composite number?
False
Suppose -5*n + 2*o - 105 = 0, -5*o + 18 + 7 = 0. Let a be 1*(-2)/((-2)/n). Let k = -13 - a. Is k a composite number?
True
Let j(l) = -1 - 7*l + 5*l + l**2 - 3. Suppose 0 = 5*m + 55 - 20. Is j(m) a composite number?
False
Let n be (1 + 0 - 0)*13. Suppose -n = -h + 56. Is h a composite number?
True
Is -5 + 1066 - 0/(-1) prime?
True
Let o = -40 + 77. Is o a composite number?
False
Let i(t) = -t**3 - 8*t**2 + 16*t + 7. Is i(-14) prime?
False
Let x = -3 + 6. Let z(c) = c - 4. Let p be z(x). Is (-28 - -5)*1*p composite?
False
Suppose 4*y - 4 = -0*y - f, 16 = 4*f. Suppose y*k - 76 = -4*k. Is k a prime number?
True
Let h(s) = -27*s + 9. Let g(v) = -28*v + 10. Let t(p) = -4*g(p) + 5*h(p). Is t(-4) a prime number?
True
Let d(x) = x + 11. Let w be d(-7). Suppose 0 = -2*v + s + 134, 333 - 24 = 5*v + w*s. Is v a prime number?
False
Let c(r) = -r**3 - 10*r**2 - 11*r + 11. Let i be c(-12). Suppose 3*f - 3*k - i = f, -f + 5*k + 226 = 0. Is f a composite number?
False
Suppose 0 = g + z - 2 + 4, 0 = 2*g + 5*z - 2. Let f(i) = -i**3 + i**2 - 3*i - 3. Is f(g) a composite number?
False
Suppose -3*w - 4 = -7. Let j(y) = -y + 2*y - 5*y**2 + w + 2*y**2 + 4*y**2 - 118*y**3. Is j(-1) prime?
False
Let q(g) be the first derivative of 5*g**2/2 + 8*g - 2. Is q(15) a composite number?
False
Is (-2)/(2/(-159)) - -2 composite?
True
Let f = 137 - -41. Let c = f - 124. Suppose -76 - c = -2*s. Is s a composite number?
True
Let c be (-9)/(-2)*4/6. Suppose 0*u = c*u - 57. Is u a composite number?
False
Let w = 42 - -207. Is w a prime number?
False
Is 4866/9 + (-2)/(-6) a composite number?
False
Let i = 